{"id":68,"date":"2025-03-24T20:36:54","date_gmt":"2025-03-25T01:36:54","guid":{"rendered":"https:\/\/www.laprensaoriente.info\/especiales\/arrieria-en-el-oriente-de-antioquia\/?page_id=68"},"modified":"2025-06-10T11:07:42","modified_gmt":"2025-06-10T16:07:42","slug":"la-arrieria-arquetipo-de-la-cultura-antioquena","status":"publish","type":"page","link":"https:\/\/www.laprensaoriente.info\/especiales\/arrieria-en-el-oriente-de-antioquia\/la-arrieria-arquetipo-de-la-cultura-antioquena\/","title":{"rendered":"La arrier\u00eda, arquetipo de la cultura antioque\u00f1a"},"content":{"rendered":"\t\t<div data-elementor-type=\"wp-page\" data-elementor-id=\"68\" class=\"elementor elementor-68\" data-elementor-post-type=\"page\">\n\t\t\t\t<div class=\"elementor-element elementor-element-a3099a7 e-flex e-con-boxed e-con e-parent\" data-id=\"a3099a7\" data-element_type=\"container\">\n\t\t\t\t\t<div class=\"e-con-inner\">\n\t\t\t\t<div class=\"elementor-element elementor-element-dba996c elementor-widget elementor-widget-image\" data-id=\"dba996c\" data-element_type=\"widget\" data-widget_type=\"image.default\">\n\t\t\t\t<div class=\"elementor-widget-container\">\n\t\t\t\t\t\t\t\t\t\t\t\t\t\t\t<img loading=\"lazy\" loading=\"lazy\" decoding=\"async\" width=\"800\" height=\"200\" src=\"https:\/\/www.laprensaoriente.info\/especiales\/arrieria-en-el-oriente-de-antioquia\/wp-content\/uploads\/2025\/06\/BANNER-800x200-1.jpg\" class=\"attachment-large size-large wp-image-199\" alt=\"\" srcset=\"https:\/\/www.laprensaoriente.info\/especiales\/arrieria-en-el-oriente-de-antioquia\/wp-content\/uploads\/2025\/06\/BANNER-800x200-1.jpg 800w, https:\/\/www.laprensaoriente.info\/especiales\/arrieria-en-el-oriente-de-antioquia\/wp-content\/uploads\/2025\/06\/BANNER-800x200-1-300x75.jpg 300w, https:\/\/www.laprensaoriente.info\/especiales\/arrieria-en-el-oriente-de-antioquia\/wp-content\/uploads\/2025\/06\/BANNER-800x200-1-768x192.jpg 768w\" sizes=\"auto, (max-width: 800px) 100vw, 800px\" \/>\t\t\t\t\t\t\t\t\t\t\t\t\t\t\t<\/div>\n\t\t\t\t<\/div>\n\t\t\t\t\t<\/div>\n\t\t\t\t<\/div>\n\t\t\t\t<section class=\"elementor-section elementor-top-section elementor-element elementor-element-76fe611 elementor-section-boxed elementor-section-height-default elementor-section-height-default\" data-id=\"76fe611\" data-element_type=\"section\" data-settings=\"{&quot;background_background&quot;:&quot;classic&quot;}\">\n\t\t\t\t\t\t\t<div class=\"elementor-background-overlay\"><\/div>\n\t\t\t\t\t\t\t<div class=\"elementor-container elementor-column-gap-default\">\n\t\t\t\t\t<div class=\"elementor-column elementor-col-100 elementor-top-column elementor-element elementor-element-f0e1423\" data-id=\"f0e1423\" data-element_type=\"column\">\n\t\t\t<div class=\"elementor-widget-wrap elementor-element-populated\">\n\t\t\t\t\t\t<div class=\"elementor-element elementor-element-996d343 elementor-widget elementor-widget-heading\" data-id=\"996d343\" data-element_type=\"widget\" data-widget_type=\"heading.default\">\n\t\t\t\t<div class=\"elementor-widget-container\">\n\t\t\t\t\t<h2 class=\"elementor-heading-title elementor-size-default\">La arrier\u00eda, arquetipo de la cultura antioque\u00f1a<\/h2>\t\t\t\t<\/div>\n\t\t\t\t<\/div>\n\t\t\t\t\t<\/div>\n\t\t<\/div>\n\t\t\t\t\t<\/div>\n\t\t<\/section>\n\t\t<div class=\"elementor-element elementor-element-67aaf01 e-flex e-con-boxed e-con e-parent\" data-id=\"67aaf01\" data-element_type=\"container\">\n\t\t\t\t\t<div class=\"e-con-inner\">\n\t\t\t\t<div class=\"elementor-element elementor-element-cf1c2d0 elementor-widget elementor-widget-text-editor\" data-id=\"cf1c2d0\" data-element_type=\"widget\" data-widget_type=\"text-editor.default\">\n\t\t\t\t<div class=\"elementor-widget-container\">\n\t\t\t\t\t\t\t\t\t<p>El arriero de sombrero aguade\u00f1o, de pa\u00f1oleta colorada (rabo de gallo), con ruana en tierra fr\u00eda y poncho en tierra caliente, pantal\u00f3n de drill, zurr\u00f3n y carriel, zurriago y machete, delantal de cuero (tapapinche), alpargatas de cabuya o mayormente descalzo (a pie limpio) se configur\u00f3 como el modelo del antioque\u00f1o. A\u00fan hoy esa indumentaria es utilizada en Fiestas de la Antioque\u00f1idad por todo el departamento y en eventos como la Feria de las Flores de Medell\u00edn o las Fiestas del Ma\u00edz de Sons\u00f3n. Asimismo, tanto el arriero como la familia colonizadora encarnaron el \u201cmito antioque\u00f1o\u201d de pujanza, tenacidad y fortaleza que ha sido exaltado como rasgo identitario a lo largo y ancho de Antioquia. Ambos han sido tomados como modelos ejemplares del ser humano que vence a la naturaleza, que le gana el pulso a la monta\u00f1a y a las fieras, logrando superar precipicios y pestes selv\u00e1ticas. \u201cEl papel de los arrieros los posicion\u00f3 como una figura ejemplar y representativa de los valores antioque\u00f1os, un arquetipo casi heroico en la regi\u00f3n\u201d, explica la historiadora del arte Luisa Fernanda Borja en su tesis <a href=\"https:\/\/repositorio.uniandes.edu.co\/entities\/publication\/f8b9f7f0-7d91-4b45-8d1d-8b926ac22a41\"><em>Arrieros y colonos: La imagen de Juan Valdez en la identidad colombiana y los ecos del proyecto decimon\u00f3nico de naci\u00f3n.<\/em><\/a><\/p><p>Por otro lado, el arriero y su repentismo dieron fuerza a las trovas que hoy son s\u00edmbolo de la cultura antioque\u00f1a y del Viejo Caldas. \u201cEl tema de las coplas, de las trovas, tiene todo que ver con la arrier\u00eda porque cuando iban en esas muladas, el arriero de adelante cantaba y el de al lado le respond\u00eda, el del medio trovaba, el de m\u00e1s atr\u00e1s le contestaba, y as\u00ed iban haciendo juegos de palabras para que el camino fuera m\u00e1s tranquilo, m\u00e1s entretenido y m\u00e1s ameno\u201d, expone Liliana Zapata, actriz dram\u00e1tica y autora del libro <em>Homenaje a los ancestros: un viaje por la arrier\u00eda en Antioquia. <\/em><\/p><p>Puede pensarse que, con la llegada de los ferrocarriles y las carreteras en el siglo XX, la arrier\u00eda desapareci\u00f3. No obstante, a\u00fan existen veredas donde sigue siendo el \u00fanico medio de transporte. \u201cDonde no tuvi\u00e9ramos las mulas, muchos alimentos dejar\u00edan de llegar a nuestras mesas\u201d, se\u00f1ala Sergio Pizarro, zootecnista de la Universidad de Antioquia e integrante de la Fundaci\u00f3n Arrieros Colombia. Esta organizaci\u00f3n, centrada en el mejoramiento de la calidad de vida de los \u00e9quidos (caballos, mulas y asnos) y sus propietarios, ha realizado acompa\u00f1amientos y capacitaciones en temas de cuidado y bienestar animal a poblaci\u00f3n rural de todo el pa\u00eds, pero en el Oriente han trabajado con habitantes de la vereda El Retiro de Cocorn\u00e1 y tambi\u00e9n del vecino municipio de San Francisco.<\/p>\t\t\t\t\t\t\t\t<\/div>\n\t\t\t\t<\/div>\n\t\t\t\t\t<\/div>\n\t\t\t\t<\/div>\n\t\t\t\t<section class=\"elementor-section elementor-top-section elementor-element elementor-element-b2c20c5 elementor-section-boxed elementor-section-height-default elementor-section-height-default\" data-id=\"b2c20c5\" data-element_type=\"section\">\n\t\t\t\t\t\t<div class=\"elementor-container elementor-column-gap-default\">\n\t\t\t\t\t<div class=\"elementor-column elementor-col-50 elementor-top-column elementor-element elementor-element-04c47dc\" data-id=\"04c47dc\" data-element_type=\"column\">\n\t\t\t<div class=\"elementor-widget-wrap elementor-element-populated\">\n\t\t\t\t\t\t<div class=\"elementor-element elementor-element-9a7dae5 elementor-widget elementor-widget-heading\" data-id=\"9a7dae5\" data-element_type=\"widget\" data-widget_type=\"heading.default\">\n\t\t\t\t<div class=\"elementor-widget-container\">\n\t\t\t\t\t<h2 class=\"elementor-heading-title elementor-size-default\">El legado arriero<\/h2>\t\t\t\t<\/div>\n\t\t\t\t<\/div>\n\t\t\t\t<div class=\"elementor-element elementor-element-62c3f7f elementor-widget elementor-widget-text-editor\" data-id=\"62c3f7f\" data-element_type=\"widget\" data-widget_type=\"text-editor.default\">\n\t\t\t\t<div class=\"elementor-widget-container\">\n\t\t\t\t\t\t\t\t\t<p>La arrier\u00eda configur\u00f3 a Antioquia y a sus departamentos vecinos. Aunque hoy est\u00e9 relegada a las veredas m\u00e1s distantes, su vigencia contin\u00faa. Gracias a ella se teji\u00f3 una red de caminos y de interconexi\u00f3n entre m\u00faltiples pueblos de las monta\u00f1as de Colombia, que hoy son motores econ\u00f3micos del pa\u00eds y coraz\u00f3n del tri\u00e1ngulo de oro (que tiene por puntas a Medell\u00edn, Bogot\u00e1 y Cali). El Oriente de Antioquia fue cuna de esta pr\u00e1ctica hist\u00f3rica que molde\u00f3 la identidad y la cultura antioque\u00f1a, y tuvo importantes centros arrieros que llevaron el estandarte de los flujos de la Colonizaci\u00f3n al sur. As\u00ed, homenajear este oficio es una manera de honrar los sacrificios de tantas personas y animales que permitieron el florecimiento del desarrollo econ\u00f3mico, social y cultural del departamento y el Occidente Andino de Colombia, a la vez que son un patrimonio inmaterial de nuestra naci\u00f3n.<\/p>\t\t\t\t\t\t\t\t<\/div>\n\t\t\t\t<\/div>\n\t\t\t\t\t<\/div>\n\t\t<\/div>\n\t\t\t\t<div class=\"elementor-column elementor-col-50 elementor-top-column elementor-element elementor-element-6f9a4d2\" data-id=\"6f9a4d2\" data-element_type=\"column\" data-settings=\"{&quot;background_background&quot;:&quot;classic&quot;}\">\n\t\t\t<div class=\"elementor-widget-wrap elementor-element-populated\">\n\t\t\t\t\t<div class=\"elementor-background-overlay\"><\/div>\n\t\t\t\t\t\t<div class=\"elementor-element elementor-element-32ef6e7 elementor-widget elementor-widget-heading\" data-id=\"32ef6e7\" data-element_type=\"widget\" data-widget_type=\"heading.default\">\n\t\t\t\t<div class=\"elementor-widget-container\">\n\t\t\t\t\t<h2 class=\"elementor-heading-title elementor-size-default\">Podcast: Tras huellas de herradura<\/h2>\t\t\t\t<\/div>\n\t\t\t\t<\/div>\n\t\t\t\t<div class=\"elementor-element elementor-element-c184633 elementor-widget__width-inherit elementor-widget elementor-widget-html\" data-id=\"c184633\" data-element_type=\"widget\" data-widget_type=\"html.default\">\n\t\t\t\t<div class=\"elementor-widget-container\">\n\t\t\t\t\t<audio controls>\r\n    <source src=\"https:\/\/www.laprensaoriente.info\/wp-content\/uploads\/2025\/03\/Podcast-Tras-huellas-de-herradura_La-Prensa-Oriente.mp3\" type=\"audio\/mpeg\">\r\nYour browser does not support the audio element.\r\n<\/audio>\t\t\t\t<\/div>\n\t\t\t\t<\/div>\n\t\t\t\t\t<\/div>\n\t\t<\/div>\n\t\t\t\t\t<\/div>\n\t\t<\/section>\n\t\t<div class=\"elementor-element elementor-element-abd6b4b e-flex e-con-boxed e-con e-parent\" data-id=\"abd6b4b\" data-element_type=\"container\">\n\t\t\t\t\t<div class=\"e-con-inner\">\n\t\t\t\t\t<\/div>\n\t\t\t\t<\/div>\n\t\t\t\t<\/div>\n\t\t","protected":false},"excerpt":{"rendered":"<p>La arrier\u00eda, arquetipo de la cultura antioque\u00f1a El arriero de sombrero aguade\u00f1o, de pa\u00f1oleta colorada (rabo de gallo), con ruana en tierra fr\u00eda y poncho en tierra caliente, pantal\u00f3n de drill, zurr\u00f3n y carriel, zurriago y machete, delantal de cuero (tapapinche), alpargatas de cabuya o mayormente descalzo (a pie limpio) se configur\u00f3 como el modelo [&hellip;]<\/p>\n","protected":false},"author":1,"featured_media":0,"parent":0,"menu_order":3,"comment_status":"closed","ping_status":"closed","template":"","meta":{"footnotes":""},"class_list":["post-68","page","type-page","status-publish"],"_links":{"self":[{"href":"https:\/\/www.laprensaoriente.info\/especiales\/arrieria-en-el-oriente-de-antioquia\/wp-json\/wp\/v2\/pages\/68","targetHints":{"allow":["GET"]}}],"collection":[{"href":"https:\/\/www.laprensaoriente.info\/especiales\/arrieria-en-el-oriente-de-antioquia\/wp-json\/wp\/v2\/pages"}],"about":[{"href":"https:\/\/www.laprensaoriente.info\/especiales\/arrieria-en-el-oriente-de-antioquia\/wp-json\/wp\/v2\/types\/page"}],"author":[{"embeddable":true,"href":"https:\/\/www.laprensaoriente.info\/especiales\/arrieria-en-el-oriente-de-antioquia\/wp-json\/wp\/v2\/users\/1"}],"replies":[{"embeddable":true,"href":"https:\/\/www.laprensaoriente.info\/especiales\/arrieria-en-el-oriente-de-antioquia\/wp-json\/wp\/v2\/comments?post=68"}],"version-history":[{"count":13,"href":"https:\/\/www.laprensaoriente.info\/especiales\/arrieria-en-el-oriente-de-antioquia\/wp-json\/wp\/v2\/pages\/68\/revisions"}],"predecessor-version":[{"id":228,"href":"https:\/\/www.laprensaoriente.info\/especiales\/arrieria-en-el-oriente-de-antioquia\/wp-json\/wp\/v2\/pages\/68\/revisions\/228"}],"wp:attachment":[{"href":"https:\/\/www.laprensaoriente.info\/especiales\/arrieria-en-el-oriente-de-antioquia\/wp-json\/wp\/v2\/media?parent=68"}],"curies":[{"name":"wp","href":"https:\/\/api.w.org\/{rel}","templated":true}]}}

La arriería, arquetipo de la cultura antioqueña

<div data-elementor-type="wp-page" data-elementor-id="68" class="elementor elementor-68" data-elementor-post-type="page">
				<div class="elementor-element elementor-element-a3099a7 e-flex e-con-boxed e-con e-parent" data-id="a3099a7" data-element_type="container">
					<div class="e-con-inner">
				<div class="elementor-element elementor-element-dba996c elementor-widget elementor-widget-image" data-id="dba996c" data-element_type="widget" data-widget_type="image.default">
				<div class="elementor-widget-container">
															<img loading="lazy" loading="lazy" decoding="async" width="800" height="200" src="https://www.laprensaoriente.info/especiales/arrieria-en-el-oriente-de-antioquia/wp-content/uploads/2025/06/BANNER-800x200-1.jpg" class="attachment-large size-large wp-image-199" alt="" srcset="https://www.laprensaoriente.info/especiales/arrieria-en-el-oriente-de-antioquia/wp-content/uploads/2025/06/BANNER-800x200-1.jpg 800w, https://www.laprensaoriente.info/especiales/arrieria-en-el-oriente-de-antioquia/wp-content/uploads/2025/06/BANNER-800x200-1-300x75.jpg 300w, https://www.laprensaoriente.info/especiales/arrieria-en-el-oriente-de-antioquia/wp-content/uploads/2025/06/BANNER-800x200-1-768x192.jpg 768w" sizes="auto, (max-width: 800px) 100vw, 800px" />															</div>
				</div>
					</div>
				</div>
				<section class="elementor-section elementor-top-section elementor-element elementor-element-76fe611 elementor-section-boxed elementor-section-height-default elementor-section-height-default" data-id="76fe611" data-element_type="section" data-settings="{&quot;background_background&quot;:&quot;classic&quot;}">
							<div class="elementor-background-overlay"></div>
							<div class="elementor-container elementor-column-gap-default">
					<div class="elementor-column elementor-col-100 elementor-top-column elementor-element elementor-element-f0e1423" data-id="f0e1423" data-element_type="column">
			<div class="elementor-widget-wrap elementor-element-populated">
						<div class="elementor-element elementor-element-996d343 elementor-widget elementor-widget-heading" data-id="996d343" data-element_type="widget" data-widget_type="heading.default">
				<div class="elementor-widget-container">
					<h2 class="elementor-heading-title elementor-size-default">La arriería, arquetipo de la cultura antioqueña</h2>				</div>
				</div>
					</div>
		</div>
					</div>
		</section>
		<div class="elementor-element elementor-element-67aaf01 e-flex e-con-boxed e-con e-parent" data-id="67aaf01" data-element_type="container">
					<div class="e-con-inner">
				<div class="elementor-element elementor-element-cf1c2d0 elementor-widget elementor-widget-text-editor" data-id="cf1c2d0" data-element_type="widget" data-widget_type="text-editor.default">
				<div class="elementor-widget-container">
									<p>El arriero de sombrero aguadeño, de pañoleta colorada (rabo de gallo), con ruana en tierra fría y poncho en tierra caliente, pantalón de drill, zurrón y carriel, zurriago y machete, delantal de cuero (tapapinche), alpargatas de cabuya o mayormente descalzo (a pie limpio) se configuró como el modelo del antioqueño. Aún hoy esa indumentaria es utilizada en Fiestas de la Antioqueñidad por todo el departamento y en eventos como la Feria de las Flores de Medellín o las Fiestas del Maíz de Sonsón. Asimismo, tanto el arriero como la familia colonizadora encarnaron el “mito antioqueño” de pujanza, tenacidad y fortaleza que ha sido exaltado como rasgo identitario a lo largo y ancho de Antioquia. Ambos han sido tomados como modelos ejemplares del ser humano que vence a la naturaleza, que le gana el pulso a la montaña y a las fieras, logrando superar precipicios y pestes selváticas. “El papel de los arrieros los posicionó como una figura ejemplar y representativa de los valores antioqueños, un arquetipo casi heroico en la región”, explica la historiadora del arte Luisa Fernanda Borja en su tesis <a href="https://repositorio.uniandes.edu.co/entities/publication/f8b9f7f0-7d91-4b45-8d1d-8b926ac22a41"><em>Arrieros y colonos: La imagen de Juan Valdez en la identidad colombiana y los ecos del proyecto decimonónico de nación.</em></a></p><p>Por otro lado, el arriero y su repentismo dieron fuerza a las trovas que hoy son símbolo de la cultura antioqueña y del Viejo Caldas. “El tema de las coplas, de las trovas, tiene todo que ver con la arriería porque cuando iban en esas muladas, el arriero de adelante cantaba y el de al lado le respondía, el del medio trovaba, el de más atrás le contestaba, y así iban haciendo juegos de palabras para que el camino fuera más tranquilo, más entretenido y más ameno”, expone Liliana Zapata, actriz dramática y autora del libro <em>Homenaje a los ancestros: un viaje por la arriería en Antioquia. </em></p><p>Puede pensarse que, con la llegada de los ferrocarriles y las carreteras en el siglo XX, la arriería desapareció. No obstante, aún existen veredas donde sigue siendo el único medio de transporte. “Donde no tuviéramos las mulas, muchos alimentos dejarían de llegar a nuestras mesas”, señala Sergio Pizarro, zootecnista de la Universidad de Antioquia e integrante de la Fundación Arrieros Colombia. Esta organización, centrada en el mejoramiento de la calidad de vida de los équidos (caballos, mulas y asnos) y sus propietarios, ha realizado acompañamientos y capacitaciones en temas de cuidado y bienestar animal a población rural de todo el país, pero en el Oriente han trabajado con habitantes de la vereda El Retiro de Cocorná y también del vecino municipio de San Francisco.</p>								</div>
				</div>
					</div>
				</div>
				<section class="elementor-section elementor-top-section elementor-element elementor-element-b2c20c5 elementor-section-boxed elementor-section-height-default elementor-section-height-default" data-id="b2c20c5" data-element_type="section">
						<div class="elementor-container elementor-column-gap-default">
					<div class="elementor-column elementor-col-50 elementor-top-column elementor-element elementor-element-04c47dc" data-id="04c47dc" data-element_type="column">
			<div class="elementor-widget-wrap elementor-element-populated">
						<div class="elementor-element elementor-element-9a7dae5 elementor-widget elementor-widget-heading" data-id="9a7dae5" data-element_type="widget" data-widget_type="heading.default">
				<div class="elementor-widget-container">
					<h2 class="elementor-heading-title elementor-size-default">El legado arriero</h2>				</div>
				</div>
				<div class="elementor-element elementor-element-62c3f7f elementor-widget elementor-widget-text-editor" data-id="62c3f7f" data-element_type="widget" data-widget_type="text-editor.default">
				<div class="elementor-widget-container">
									<p>La arriería configuró a Antioquia y a sus departamentos vecinos. Aunque hoy esté relegada a las veredas más distantes, su vigencia continúa. Gracias a ella se tejió una red de caminos y de interconexión entre múltiples pueblos de las montañas de Colombia, que hoy son motores económicos del país y corazón del triángulo de oro (que tiene por puntas a Medellín, Bogotá y Cali). El Oriente de Antioquia fue cuna de esta práctica histórica que moldeó la identidad y la cultura antioqueña, y tuvo importantes centros arrieros que llevaron el estandarte de los flujos de la Colonización al sur. Así, homenajear este oficio es una manera de honrar los sacrificios de tantas personas y animales que permitieron el florecimiento del desarrollo económico, social y cultural del departamento y el Occidente Andino de Colombia, a la vez que son un patrimonio inmaterial de nuestra nación.</p>								</div>
				</div>
					</div>
		</div>
				<div class="elementor-column elementor-col-50 elementor-top-column elementor-element elementor-element-6f9a4d2" data-id="6f9a4d2" data-element_type="column" data-settings="{&quot;background_background&quot;:&quot;classic&quot;}">
			<div class="elementor-widget-wrap elementor-element-populated">
					<div class="elementor-background-overlay"></div>
						<div class="elementor-element elementor-element-32ef6e7 elementor-widget elementor-widget-heading" data-id="32ef6e7" data-element_type="widget" data-widget_type="heading.default">
				<div class="elementor-widget-container">
					<h2 class="elementor-heading-title elementor-size-default">Podcast: Tras huellas de herradura</h2>				</div>
				</div>
				<div class="elementor-element elementor-element-c184633 elementor-widget__width-inherit elementor-widget elementor-widget-html" data-id="c184633" data-element_type="widget" data-widget_type="html.default">
				<div class="elementor-widget-container">
					<audio controls>
    <source src="https://www.laprensaoriente.info/wp-content/uploads/2025/03/Podcast-Tras-huellas-de-herradura_La-Prensa-Oriente.mp3" type="audio/mpeg">
Your browser does not support the audio element.
</audio>				</div>
				</div>
					</div>
		</div>
					</div>
		</section>
		<div class="elementor-element elementor-element-abd6b4b e-flex e-con-boxed e-con e-parent" data-id="abd6b4b" data-element_type="container">
					<div class="e-con-inner">
					</div>
				</div>
				</div>

<p>La arriería, arquetipo de la cultura antioqueña El arriero de sombrero aguadeño, de pañoleta colorada (rabo de gallo), con ruana en tierra fría y poncho en tierra caliente, pantalón de drill, zurrón y carriel, zurriago y machete, delantal de cuero (tapapinche), alpargatas de cabuya o mayormente descalzo (a pie limpio) se configuró como el modelo [&hellip;]</p>
