{"id":77,"date":"2025-03-24T20:47:51","date_gmt":"2025-03-25T01:47:51","guid":{"rendered":"https:\/\/www.laprensaoriente.info\/especiales\/arrieria-en-el-oriente-de-antioquia\/?page_id=77"},"modified":"2025-06-10T12:28:59","modified_gmt":"2025-06-10T17:28:59","slug":"travesia-en-mulas-y-arrieria","status":"publish","type":"page","link":"https:\/\/www.laprensaoriente.info\/especiales\/arrieria-en-el-oriente-de-antioquia\/travesia-en-mulas-y-arrieria\/","title":{"rendered":"Traves\u00eda en mulas y arrier\u00eda"},"content":{"rendered":"\t\t<div data-elementor-type=\"wp-page\" data-elementor-id=\"77\" class=\"elementor elementor-77\" data-elementor-post-type=\"page\">\n\t\t\t\t<div class=\"elementor-element elementor-element-1ad159f e-flex e-con-boxed e-con e-parent\" data-id=\"1ad159f\" data-element_type=\"container\">\n\t\t\t\t\t<div class=\"e-con-inner\">\n\t\t\t\t<div class=\"elementor-element elementor-element-834a4fa elementor-widget elementor-widget-image\" data-id=\"834a4fa\" data-element_type=\"widget\" data-widget_type=\"image.default\">\n\t\t\t\t<div class=\"elementor-widget-container\">\n\t\t\t\t\t\t\t\t\t\t\t\t\t\t\t<img loading=\"lazy\" loading=\"lazy\" decoding=\"async\" width=\"800\" height=\"200\" src=\"https:\/\/www.laprensaoriente.info\/especiales\/arrieria-en-el-oriente-de-antioquia\/wp-content\/uploads\/2025\/06\/BANNER-800x200-1.jpg\" class=\"attachment-large size-large wp-image-199\" alt=\"\" srcset=\"https:\/\/www.laprensaoriente.info\/especiales\/arrieria-en-el-oriente-de-antioquia\/wp-content\/uploads\/2025\/06\/BANNER-800x200-1.jpg 800w, https:\/\/www.laprensaoriente.info\/especiales\/arrieria-en-el-oriente-de-antioquia\/wp-content\/uploads\/2025\/06\/BANNER-800x200-1-300x75.jpg 300w, https:\/\/www.laprensaoriente.info\/especiales\/arrieria-en-el-oriente-de-antioquia\/wp-content\/uploads\/2025\/06\/BANNER-800x200-1-768x192.jpg 768w\" sizes=\"auto, (max-width: 800px) 100vw, 800px\" \/>\t\t\t\t\t\t\t\t\t\t\t\t\t\t\t<\/div>\n\t\t\t\t<\/div>\n\t\t\t\t\t<\/div>\n\t\t\t\t<\/div>\n\t\t\t\t<section class=\"elementor-section elementor-top-section elementor-element elementor-element-41f22ef elementor-section-boxed elementor-section-height-default elementor-section-height-default\" data-id=\"41f22ef\" data-element_type=\"section\" data-settings=\"{&quot;background_background&quot;:&quot;classic&quot;}\">\n\t\t\t\t\t\t\t<div class=\"elementor-background-overlay\"><\/div>\n\t\t\t\t\t\t\t<div class=\"elementor-container elementor-column-gap-default\">\n\t\t\t\t\t<div class=\"elementor-column elementor-col-100 elementor-top-column elementor-element elementor-element-cd8ea0f\" data-id=\"cd8ea0f\" data-element_type=\"column\">\n\t\t\t<div class=\"elementor-widget-wrap elementor-element-populated\">\n\t\t\t\t\t\t<div class=\"elementor-element elementor-element-472bd99 elementor-widget elementor-widget-heading\" data-id=\"472bd99\" data-element_type=\"widget\" data-widget_type=\"heading.default\">\n\t\t\t\t<div class=\"elementor-widget-container\">\n\t\t\t\t\t<h2 class=\"elementor-heading-title elementor-size-default\">Traves\u00eda en mulas y arrier\u00eda<\/h2>\t\t\t\t<\/div>\n\t\t\t\t<\/div>\n\t\t\t\t\t<\/div>\n\t\t<\/div>\n\t\t\t\t\t<\/div>\n\t\t<\/section>\n\t\t\t\t<section class=\"elementor-section elementor-top-section elementor-element elementor-element-35b19d5 elementor-section-boxed elementor-section-height-default elementor-section-height-default\" data-id=\"35b19d5\" data-element_type=\"section\">\n\t\t\t\t\t\t<div class=\"elementor-container elementor-column-gap-default\">\n\t\t\t\t\t<div class=\"elementor-column elementor-col-50 elementor-top-column elementor-element elementor-element-06e2ff4\" data-id=\"06e2ff4\" data-element_type=\"column\">\n\t\t\t<div class=\"elementor-widget-wrap elementor-element-populated\">\n\t\t\t\t\t\t<div class=\"elementor-element elementor-element-603d44a elementor-widget elementor-widget-text-editor\" data-id=\"603d44a\" data-element_type=\"widget\" data-widget_type=\"text-editor.default\">\n\t\t\t\t<div class=\"elementor-widget-container\">\n\t\t\t\t\t\t\t\t\t<p><strong>En el municipio de Sons\u00f3n se revivi\u00f3 la tradici\u00f3n arriera<\/strong><\/p><p>Juan Diego Zuluaga destac\u00f3 el \u00e9xito del evento que conect\u00f3 historia, turismo y econom\u00eda local.<\/p><p>El mandatario destac\u00f3 la importancia de preservar las ra\u00edces culturales, Juan Diego Zuluaga, ha impulsado un ambicioso programa para revivir la tradici\u00f3n arriera, logrando un impacto significativo en la identidad cultural y el desarrollo econ\u00f3mico del municipio.<\/p><p>En entrevista con La Prensa Oriente, el mandatario municipal explic\u00f3 el enfoque innovador del evento, &#8220;estamos reviviendo esa historia de colonizaci\u00f3n antioque\u00f1a que nos define. La arrier\u00eda no es solo un recuerdo, es una experiencia que estamos transmitiendo a las nuevas generaciones&#8221;, afirm\u00f3 Zuluaga con evidente orgullo.<\/p><p>\u00a0<\/p>\t\t\t\t\t\t\t\t<\/div>\n\t\t\t\t<\/div>\n\t\t\t\t\t<\/div>\n\t\t<\/div>\n\t\t\t\t<div class=\"elementor-column elementor-col-50 elementor-top-column elementor-element elementor-element-b6ad55a\" data-id=\"b6ad55a\" data-element_type=\"column\">\n\t\t\t<div class=\"elementor-widget-wrap elementor-element-populated\">\n\t\t\t\t\t\t<div class=\"elementor-element elementor-element-d9892a1 elementor-widget elementor-widget-image\" data-id=\"d9892a1\" data-element_type=\"widget\" data-widget_type=\"image.default\">\n\t\t\t\t<div class=\"elementor-widget-container\">\n\t\t\t\t\t\t\t\t\t\t\t\t\t\t\t<img loading=\"lazy\" loading=\"lazy\" decoding=\"async\" width=\"1024\" height=\"683\" src=\"https:\/\/www.laprensaoriente.info\/especiales\/arrieria-en-el-oriente-de-antioquia\/wp-content\/uploads\/2025\/06\/881ed610-b3ba-446a-978b-b08df71f0b67-1024x683.jpg\" class=\"attachment-large size-large wp-image-238\" alt=\"\" srcset=\"https:\/\/www.laprensaoriente.info\/especiales\/arrieria-en-el-oriente-de-antioquia\/wp-content\/uploads\/2025\/06\/881ed610-b3ba-446a-978b-b08df71f0b67-1024x683.jpg 1024w, https:\/\/www.laprensaoriente.info\/especiales\/arrieria-en-el-oriente-de-antioquia\/wp-content\/uploads\/2025\/06\/881ed610-b3ba-446a-978b-b08df71f0b67-300x200.jpg 300w, https:\/\/www.laprensaoriente.info\/especiales\/arrieria-en-el-oriente-de-antioquia\/wp-content\/uploads\/2025\/06\/881ed610-b3ba-446a-978b-b08df71f0b67-768x513.jpg 768w, https:\/\/www.laprensaoriente.info\/especiales\/arrieria-en-el-oriente-de-antioquia\/wp-content\/uploads\/2025\/06\/881ed610-b3ba-446a-978b-b08df71f0b67-330x220.jpg 330w, https:\/\/www.laprensaoriente.info\/especiales\/arrieria-en-el-oriente-de-antioquia\/wp-content\/uploads\/2025\/06\/881ed610-b3ba-446a-978b-b08df71f0b67-420x280.jpg 420w, https:\/\/www.laprensaoriente.info\/especiales\/arrieria-en-el-oriente-de-antioquia\/wp-content\/uploads\/2025\/06\/881ed610-b3ba-446a-978b-b08df71f0b67-615x410.jpg 615w, https:\/\/www.laprensaoriente.info\/especiales\/arrieria-en-el-oriente-de-antioquia\/wp-content\/uploads\/2025\/06\/881ed610-b3ba-446a-978b-b08df71f0b67-860x574.jpg 860w, https:\/\/www.laprensaoriente.info\/especiales\/arrieria-en-el-oriente-de-antioquia\/wp-content\/uploads\/2025\/06\/881ed610-b3ba-446a-978b-b08df71f0b67.jpg 1440w\" sizes=\"auto, (max-width: 1024px) 100vw, 1024px\" \/>\t\t\t\t\t\t\t\t\t\t\t\t\t\t\t<\/div>\n\t\t\t\t<\/div>\n\t\t\t\t\t<\/div>\n\t\t<\/div>\n\t\t\t\t\t<\/div>\n\t\t<\/section>\n\t\t<div class=\"elementor-element elementor-element-36aca6b e-flex e-con-boxed e-con e-parent\" data-id=\"36aca6b\" data-element_type=\"container\">\n\t\t\t\t\t<div class=\"e-con-inner\">\n\t\t\t\t<div class=\"elementor-element elementor-element-3320a3f elementor-widget elementor-widget-text-editor\" data-id=\"3320a3f\" data-element_type=\"widget\" data-widget_type=\"text-editor.default\">\n\t\t\t\t<div class=\"elementor-widget-container\">\n\t\t\t\t\t\t\t\t\t<p>El alcalde detall\u00f3 los componentes clave del programa, recorridos hist\u00f3ricos por cinco municipios siguiendo las rutas originales de los arrieros, programaci\u00f3n cultural integral con m\u00e1s de 15 actividades diferentes, enfoque intergeneracional para conectar a j\u00f3venes con sus ra\u00edces.<\/p><p>Zuluaga destac\u00f3 los beneficios concretos para la comunidad, reactivaci\u00f3n econ\u00f3mica, &#8220;tuvimos ocupaci\u00f3n del 100% en hoteles y restaurantes. Estos eventos dejan recursos directos en nuestros comerciantes y productores locales&#8221;. Tambi\u00e9n es una inclusi\u00f3n a las nuevas generaciones, &#8220;los j\u00f3venes est\u00e1n descubriendo que sus ancestros construyeron esta regi\u00f3n con berraquera. Ese orgullo es invaluable para nuestro futuro como comunidad&#8221;.<br \/>&#8220;Queremos que Sons\u00f3n sea reconocido como la capital cultural del oriente antioque\u00f1o. Esto no termina con la arrier\u00eda, es el punto de partida&#8221;, concluy\u00f3 el alcalde. La iniciativa se enmarc\u00f3 en la estrategia municipal &#8220;Sons\u00f3n Vive su Cultura&#8221;, que ha invertido m\u00e1s de $1.200 millones en recuperaci\u00f3n del patrimonio este a\u00f1o.<\/p><p>Esta mulada igualmente resalt\u00f3 el legado del rionegrero Ferm\u00edn L\u00f3pez, uno de los fundadores de Salamina y que posteriormente lider\u00f3 la apertura de un camino hacia Cartago (Valle del Cauca), pasando por terrenos de los actuales Neira, Manizales, Chinchin\u00e1, Santa Rosa de Cabal y Pereira. Una oportunidad para recordar el amor por la tierra y la historia de dos departamentos hermanos que se construyeron a lomo de mula.<\/p>\t\t\t\t\t\t\t\t<\/div>\n\t\t\t\t<\/div>\n\t\t\t\t\t<\/div>\n\t\t\t\t<\/div>\n\t\t\t\t<\/div>\n\t\t","protected":false},"excerpt":{"rendered":"<p>Traves\u00eda en mulas y arrier\u00eda En el municipio de Sons\u00f3n se revivi\u00f3 la tradici\u00f3n arriera Juan Diego Zuluaga destac\u00f3 el \u00e9xito del evento que conect\u00f3 historia, turismo y econom\u00eda local. El mandatario destac\u00f3 la importancia de preservar las ra\u00edces culturales, Juan Diego Zuluaga, ha impulsado un ambicioso programa para revivir la tradici\u00f3n arriera, logrando un [&hellip;]<\/p>\n","protected":false},"author":1,"featured_media":0,"parent":0,"menu_order":4,"comment_status":"closed","ping_status":"closed","template":"","meta":{"footnotes":""},"class_list":["post-77","page","type-page","status-publish"],"_links":{"self":[{"href":"https:\/\/www.laprensaoriente.info\/especiales\/arrieria-en-el-oriente-de-antioquia\/wp-json\/wp\/v2\/pages\/77","targetHints":{"allow":["GET"]}}],"collection":[{"href":"https:\/\/www.laprensaoriente.info\/especiales\/arrieria-en-el-oriente-de-antioquia\/wp-json\/wp\/v2\/pages"}],"about":[{"href":"https:\/\/www.laprensaoriente.info\/especiales\/arrieria-en-el-oriente-de-antioquia\/wp-json\/wp\/v2\/types\/page"}],"author":[{"embeddable":true,"href":"https:\/\/www.laprensaoriente.info\/especiales\/arrieria-en-el-oriente-de-antioquia\/wp-json\/wp\/v2\/users\/1"}],"replies":[{"embeddable":true,"href":"https:\/\/www.laprensaoriente.info\/especiales\/arrieria-en-el-oriente-de-antioquia\/wp-json\/wp\/v2\/comments?post=77"}],"version-history":[{"count":21,"href":"https:\/\/www.laprensaoriente.info\/especiales\/arrieria-en-el-oriente-de-antioquia\/wp-json\/wp\/v2\/pages\/77\/revisions"}],"predecessor-version":[{"id":241,"href":"https:\/\/www.laprensaoriente.info\/especiales\/arrieria-en-el-oriente-de-antioquia\/wp-json\/wp\/v2\/pages\/77\/revisions\/241"}],"wp:attachment":[{"href":"https:\/\/www.laprensaoriente.info\/especiales\/arrieria-en-el-oriente-de-antioquia\/wp-json\/wp\/v2\/media?parent=77"}],"curies":[{"name":"wp","href":"https:\/\/api.w.org\/{rel}","templated":true}]}}

Travesía en mulas y arriería

<div data-elementor-type="wp-page" data-elementor-id="77" class="elementor elementor-77" data-elementor-post-type="page">
				<div class="elementor-element elementor-element-1ad159f e-flex e-con-boxed e-con e-parent" data-id="1ad159f" data-element_type="container">
					<div class="e-con-inner">
				<div class="elementor-element elementor-element-834a4fa elementor-widget elementor-widget-image" data-id="834a4fa" data-element_type="widget" data-widget_type="image.default">
				<div class="elementor-widget-container">
															<img loading="lazy" loading="lazy" decoding="async" width="800" height="200" src="https://www.laprensaoriente.info/especiales/arrieria-en-el-oriente-de-antioquia/wp-content/uploads/2025/06/BANNER-800x200-1.jpg" class="attachment-large size-large wp-image-199" alt="" srcset="https://www.laprensaoriente.info/especiales/arrieria-en-el-oriente-de-antioquia/wp-content/uploads/2025/06/BANNER-800x200-1.jpg 800w, https://www.laprensaoriente.info/especiales/arrieria-en-el-oriente-de-antioquia/wp-content/uploads/2025/06/BANNER-800x200-1-300x75.jpg 300w, https://www.laprensaoriente.info/especiales/arrieria-en-el-oriente-de-antioquia/wp-content/uploads/2025/06/BANNER-800x200-1-768x192.jpg 768w" sizes="auto, (max-width: 800px) 100vw, 800px" />															</div>
				</div>
					</div>
				</div>
				<section class="elementor-section elementor-top-section elementor-element elementor-element-41f22ef elementor-section-boxed elementor-section-height-default elementor-section-height-default" data-id="41f22ef" data-element_type="section" data-settings="{&quot;background_background&quot;:&quot;classic&quot;}">
							<div class="elementor-background-overlay"></div>
							<div class="elementor-container elementor-column-gap-default">
					<div class="elementor-column elementor-col-100 elementor-top-column elementor-element elementor-element-cd8ea0f" data-id="cd8ea0f" data-element_type="column">
			<div class="elementor-widget-wrap elementor-element-populated">
						<div class="elementor-element elementor-element-472bd99 elementor-widget elementor-widget-heading" data-id="472bd99" data-element_type="widget" data-widget_type="heading.default">
				<div class="elementor-widget-container">
					<h2 class="elementor-heading-title elementor-size-default">Travesía en mulas y arriería</h2>				</div>
				</div>
					</div>
		</div>
					</div>
		</section>
				<section class="elementor-section elementor-top-section elementor-element elementor-element-35b19d5 elementor-section-boxed elementor-section-height-default elementor-section-height-default" data-id="35b19d5" data-element_type="section">
						<div class="elementor-container elementor-column-gap-default">
					<div class="elementor-column elementor-col-50 elementor-top-column elementor-element elementor-element-06e2ff4" data-id="06e2ff4" data-element_type="column">
			<div class="elementor-widget-wrap elementor-element-populated">
						<div class="elementor-element elementor-element-603d44a elementor-widget elementor-widget-text-editor" data-id="603d44a" data-element_type="widget" data-widget_type="text-editor.default">
				<div class="elementor-widget-container">
									<p><strong>En el municipio de Sonsón se revivió la tradición arriera</strong></p><p>Juan Diego Zuluaga destacó el éxito del evento que conectó historia, turismo y economía local.</p><p>El mandatario destacó la importancia de preservar las raíces culturales, Juan Diego Zuluaga, ha impulsado un ambicioso programa para revivir la tradición arriera, logrando un impacto significativo en la identidad cultural y el desarrollo económico del municipio.</p><p>En entrevista con La Prensa Oriente, el mandatario municipal explicó el enfoque innovador del evento, &#8220;estamos reviviendo esa historia de colonización antioqueña que nos define. La arriería no es solo un recuerdo, es una experiencia que estamos transmitiendo a las nuevas generaciones&#8221;, afirmó Zuluaga con evidente orgullo.</p><p> </p>								</div>
				</div>
					</div>
		</div>
				<div class="elementor-column elementor-col-50 elementor-top-column elementor-element elementor-element-b6ad55a" data-id="b6ad55a" data-element_type="column">
			<div class="elementor-widget-wrap elementor-element-populated">
						<div class="elementor-element elementor-element-d9892a1 elementor-widget elementor-widget-image" data-id="d9892a1" data-element_type="widget" data-widget_type="image.default">
				<div class="elementor-widget-container">
															<img loading="lazy" loading="lazy" decoding="async" width="1024" height="683" src="https://www.laprensaoriente.info/especiales/arrieria-en-el-oriente-de-antioquia/wp-content/uploads/2025/06/881ed610-b3ba-446a-978b-b08df71f0b67-1024x683.jpg" class="attachment-large size-large wp-image-238" alt="" srcset="https://www.laprensaoriente.info/especiales/arrieria-en-el-oriente-de-antioquia/wp-content/uploads/2025/06/881ed610-b3ba-446a-978b-b08df71f0b67-1024x683.jpg 1024w, https://www.laprensaoriente.info/especiales/arrieria-en-el-oriente-de-antioquia/wp-content/uploads/2025/06/881ed610-b3ba-446a-978b-b08df71f0b67-300x200.jpg 300w, https://www.laprensaoriente.info/especiales/arrieria-en-el-oriente-de-antioquia/wp-content/uploads/2025/06/881ed610-b3ba-446a-978b-b08df71f0b67-768x513.jpg 768w, https://www.laprensaoriente.info/especiales/arrieria-en-el-oriente-de-antioquia/wp-content/uploads/2025/06/881ed610-b3ba-446a-978b-b08df71f0b67-330x220.jpg 330w, https://www.laprensaoriente.info/especiales/arrieria-en-el-oriente-de-antioquia/wp-content/uploads/2025/06/881ed610-b3ba-446a-978b-b08df71f0b67-420x280.jpg 420w, https://www.laprensaoriente.info/especiales/arrieria-en-el-oriente-de-antioquia/wp-content/uploads/2025/06/881ed610-b3ba-446a-978b-b08df71f0b67-615x410.jpg 615w, https://www.laprensaoriente.info/especiales/arrieria-en-el-oriente-de-antioquia/wp-content/uploads/2025/06/881ed610-b3ba-446a-978b-b08df71f0b67-860x574.jpg 860w, https://www.laprensaoriente.info/especiales/arrieria-en-el-oriente-de-antioquia/wp-content/uploads/2025/06/881ed610-b3ba-446a-978b-b08df71f0b67.jpg 1440w" sizes="auto, (max-width: 1024px) 100vw, 1024px" />															</div>
				</div>
					</div>
		</div>
					</div>
		</section>
		<div class="elementor-element elementor-element-36aca6b e-flex e-con-boxed e-con e-parent" data-id="36aca6b" data-element_type="container">
					<div class="e-con-inner">
				<div class="elementor-element elementor-element-3320a3f elementor-widget elementor-widget-text-editor" data-id="3320a3f" data-element_type="widget" data-widget_type="text-editor.default">
				<div class="elementor-widget-container">
									<p>El alcalde detalló los componentes clave del programa, recorridos históricos por cinco municipios siguiendo las rutas originales de los arrieros, programación cultural integral con más de 15 actividades diferentes, enfoque intergeneracional para conectar a jóvenes con sus raíces.</p><p>Zuluaga destacó los beneficios concretos para la comunidad, reactivación económica, &#8220;tuvimos ocupación del 100% en hoteles y restaurantes. Estos eventos dejan recursos directos en nuestros comerciantes y productores locales&#8221;. También es una inclusión a las nuevas generaciones, &#8220;los jóvenes están descubriendo que sus ancestros construyeron esta región con berraquera. Ese orgullo es invaluable para nuestro futuro como comunidad&#8221;.<br />&#8220;Queremos que Sonsón sea reconocido como la capital cultural del oriente antioqueño. Esto no termina con la arriería, es el punto de partida&#8221;, concluyó el alcalde. La iniciativa se enmarcó en la estrategia municipal &#8220;Sonsón Vive su Cultura&#8221;, que ha invertido más de $1.200 millones en recuperación del patrimonio este año.</p><p>Esta mulada igualmente resaltó el legado del rionegrero Fermín López, uno de los fundadores de Salamina y que posteriormente lideró la apertura de un camino hacia Cartago (Valle del Cauca), pasando por terrenos de los actuales Neira, Manizales, Chinchiná, Santa Rosa de Cabal y Pereira. Una oportunidad para recordar el amor por la tierra y la historia de dos departamentos hermanos que se construyeron a lomo de mula.</p>								</div>
				</div>
					</div>
				</div>
				</div>

<p>Travesía en mulas y arriería En el municipio de Sonsón se revivió la tradición arriera Juan Diego Zuluaga destacó el éxito del evento que conectó historia, turismo y economía local. El mandatario destacó la importancia de preservar las raíces culturales, Juan Diego Zuluaga, ha impulsado un ambicioso programa para revivir la tradición arriera, logrando un [&hellip;]</p>
